{"id":1426,"date":"2019-12-09T04:03:08","date_gmt":"2019-12-09T04:03:08","guid":{"rendered":"https:\/\/smartdata.tonytemplates.com\/electrician-v2demo3\/?page_id=1426"},"modified":"2023-03-27T16:29:55","modified_gmt":"2023-03-27T16:29:55","slug":"home-2","status":"publish","type":"page","link":"https:\/\/darcelight.pt\/","title":{"rendered":"Home"},"content":{"rendered":"\t\t<div data-elementor-type=\"wp-page\" data-elementor-id=\"1426\" class=\"elementor elementor-1426\">\n\t\t\t\t\t\t\t\t\t<section class=\"elementor-section elementor-top-section elementor-element elementor-element-537ea65 elementor-section-stretched elementor-section-full_width elementor-section-height-default elementor-section-height-default\" data-id=\"537ea65\" data-element_type=\"section\" data-settings=\"{&quot;stretch_section&quot;:&quot;section-stretched&quot;}\">\n\t\t\t\t\t\t<div class=\"elementor-container elementor-column-gap-no\">\n\t\t\t\t\t<div class=\"elementor-column elementor-col-100 elementor-top-column elementor-element elementor-element-bf1e70b\" data-id=\"bf1e70b\" data-element_type=\"column\">\n\t\t\t<div class=\"elementor-widget-wrap elementor-element-populated\">\n\t\t\t\t\t\t\t\t<div class=\"elementor-element elementor-element-1db603e elementor-widget elementor-widget-electrician-nivo-slider\" data-id=\"1db603e\" data-element_type=\"widget\" data-widget_type=\"electrician-nivo-slider.default\">\n\t\t\t\t<div class=\"elementor-widget-container\">\n\t\t\t\t\t<!-- Slider -->\n\t\t\t\t\t<div class=\"container-indent no-margin mainSlider-wrapper\">\n\t\t\t\t\t\t\t\t\t<div class=\"loading-content\">\n\t\t\t\t\t\t<div class=\"loading-dots\">\n\t\t\t\t\t\t\t\t\t\t\t\t\t\t\t<img decoding=\"async\" src=\"https:\/\/darcelight.pt\/wp-content\/themes\/electrician\/images\/bolt.gif\">\n\t\t\t\t\t\t\t\t\t\t\t\t\t<\/div>\n\t\t\t\t\t<\/div>\n\t\t\t\t\t\t\t\t<div id=\"js-mainSlider\" class=\"mainSlider\">\n\t\t\t\t\t\t\t\t\t\t\t\t<div class=\"slide\">\n\t\t\t\t\t\t\t\t<div class=\"img--holder\" data-bgslide=\"https:\/\/darcelight.pt\/wp-content\/uploads\/2020\/08\/mainslide-01.jpg\"><\/div>\n\t\t\t\t\t\t\t\t<div class=\"slide-content\">\n\t\t\t\t\t\t\t\t\t<div class=\"container text-center js-rotation\" data-animation=\"fadeInUpSm\" data-animation-delay=\"0s\">\n\t\t\t\t\t\t\t\t\t\t<div class=\"tt-title-01\">eletricidade e comunica\u00e7\u00f5es<\/div>\n\t\t\t\t\t\t\t\t\t\t<div class=\"tt-title-02\">Os seus<br>especialistas<\/div>\n\t\t\t\t\t\t\t\t\t<\/div>\n\t\t\t\t\t\t\t\t<\/div>\n\t\t\t\t\t\t\t<\/div>\n\t\t\t\t\t\t\t\t\t\t\t\t<div class=\"slide\">\n\t\t\t\t\t\t\t\t<div class=\"img--holder\" data-bgslide=\"https:\/\/darcelight.pt\/wp-content\/uploads\/2020\/08\/mainslide-03.jpg\"><\/div>\n\t\t\t\t\t\t\t\t<div class=\"slide-content\">\n\t\t\t\t\t\t\t\t\t<div class=\"container text-center js-rotation\" data-animation=\"fadeInUpSm\" data-animation-delay=\"0s\">\n\t\t\t\t\t\t\t\t\t\t<div class=\"tt-title-01\">experi\u00eancia comprovada<\/div>\n\t\t\t\t\t\t\t\t\t\t<div class=\"tt-title-02\">Consulte-nos<\/div>\n\t\t\t\t\t\t\t\t\t<\/div>\n\t\t\t\t\t\t\t\t<\/div>\n\t\t\t\t\t\t\t<\/div>\n\t\t\t\t\t\t\t\t\t<\/div>\n\t\t\t<\/div>\n\t\t\t\t<\/div>\n\t\t\t\t<\/div>\n\t\t\t\t<div class=\"elementor-element elementor-element-01e5a90 elementor-widget elementor-widget-electrician-request-block\" data-id=\"01e5a90\" data-element_type=\"widget\" data-widget_type=\"electrician-request-block.default\">\n\t\t\t\t<div class=\"elementor-widget-container\">\n\t\t\t\n\t\t<div class=\"block block-negative\">\n\t<div class=\"container\">\n\t\t<div class=\"request-form\">\n\t\t\t<h4><\/h4>\n\t\t\t\t\t<\/div>\n\t<\/div>\n<\/div>\n\t\t\t\t\t\t\t<\/div>\n\t\t\t\t<\/div>\n\t\t\t\t\t<\/div>\n\t\t<\/div>\n\t\t\t\t\t\t\t<\/div>\n\t\t<\/section>\n\t\t\t\t<section class=\"elementor-section elementor-top-section elementor-element elementor-element-e5ef01a elementor-section-stretched elementor-section-full_width elementor-section-height-default elementor-section-height-default\" data-id=\"e5ef01a\" data-element_type=\"section\" data-settings=\"{&quot;stretch_section&quot;:&quot;section-stretched&quot;}\">\n\t\t\t\t\t\t<div class=\"elementor-container elementor-column-gap-no\">\n\t\t\t\t\t<div class=\"elementor-column elementor-col-100 elementor-top-column elementor-element elementor-element-8f887e3\" data-id=\"8f887e3\" data-element_type=\"column\">\n\t\t\t<div class=\"elementor-widget-wrap\">\n\t\t\t\t\t\t\t\t\t<\/div>\n\t\t<\/div>\n\t\t\t\t\t\t\t<\/div>\n\t\t<\/section>\n\t\t\t\t<section class=\"elementor-section elementor-top-section elementor-element elementor-element-acee1d5 elementor-section-stretched elementor-section-full_width elementor-section-height-default elementor-section-height-default\" data-id=\"acee1d5\" data-element_type=\"section\" data-settings=\"{&quot;stretch_section&quot;:&quot;section-stretched&quot;}\">\n\t\t\t\t\t\t<div class=\"elementor-container elementor-column-gap-no\">\n\t\t\t\t\t<div class=\"elementor-column elementor-col-100 elementor-top-column elementor-element elementor-element-e36c7a2\" data-id=\"e36c7a2\" data-element_type=\"column\">\n\t\t\t<div class=\"elementor-widget-wrap elementor-element-populated\">\n\t\t\t\t\t\t\t\t<div class=\"elementor-element elementor-element-542e5f5 elementor-widget elementor-widget-electrician_about_two\" data-id=\"542e5f5\" data-element_type=\"widget\" data-widget_type=\"electrician_about_two.default\">\n\t\t\t\t<div class=\"elementor-widget-container\">\n\t\t\t \n\t\t<div class=\"section-indent\">\n\t<div class=\"container container-lg-fluid\">\n\t\t<div class=\"layout01 layout01__img-more\">\n\t\t\t<div class=\"layout01__img\">\n\t\t\t\t<div class=\"tt-img-main\">\n\t\t\t<img loading=\"lazy\" decoding=\"async\" width=\"672\" height=\"552\" src=\"https:\/\/darcelight.pt\/wp-content\/uploads\/2020\/07\/layout01-img01.jpg\" class=\"attachment-full size-full\" alt=\"\" srcset=\"https:\/\/darcelight.pt\/wp-content\/uploads\/2020\/07\/layout01-img01.jpg 672w, https:\/\/darcelight.pt\/wp-content\/uploads\/2020\/07\/layout01-img01-600x493.jpg 600w, https:\/\/darcelight.pt\/wp-content\/uploads\/2020\/07\/layout01-img01-300x246.jpg 300w, https:\/\/darcelight.pt\/wp-content\/uploads\/2020\/07\/layout01-img01-598x491.jpg 598w\" sizes=\"auto, (max-width: 672px) 100vw, 672px\" \/>\t\t\t\t<\/div>\n\t\t\t\t<div class=\"tt-img-more left-bottom\">\n\t\t\t<img loading=\"lazy\" decoding=\"async\" width=\"436\" height=\"290\" src=\"https:\/\/darcelight.pt\/wp-content\/uploads\/2020\/07\/layout01-img02.jpg\" class=\"attachment-full size-full\" alt=\"\" srcset=\"https:\/\/darcelight.pt\/wp-content\/uploads\/2020\/07\/layout01-img02.jpg 436w, https:\/\/darcelight.pt\/wp-content\/uploads\/2020\/07\/layout01-img02-300x200.jpg 300w\" sizes=\"auto, (max-width: 436px) 100vw, 436px\" \/>\t\t\t\t<\/div>\n\t\t\t<\/div>\n\t\t\t<div class=\"layout01__content\">\n\t\t\t\t<div class=\"layout01__content-wrapper\">\n\t\t\t\t\t<div class=\"section-title text-left\">\n\t\t\t\t\t\t<div class=\"section-title__01\">Sobre N\u00f3s<\/div>\n\t\t\t\t\t\t<div class=\"section-title__02\">Mais de 20 anos de experi\u00eancia<\/div>\n\t\t\t\t\t<\/div>\n\t\t\t\t\t<p>\n\t\t\tDarcelight tem origem na vis\u00e3o e determina\u00e7\u00e3o do seu \u00fanico s\u00f3cio, em constituir uma empresa inovadora, onde a qualidade aliada \u00e0 rapidez de execu\u00e7\u00e3o seja uma mais valia para os seus parceiros comerciais. Tendo participado em alguns projetos relevantes nas vertentes de eletricidade e comunica\u00e7\u00f5es ao longo dos seus anos de atividade, Darcelight decidiu disponibilizar aos seus agora potenciais clientes, n\u00e3o s\u00f3 a sua experi\u00eancia, como tamb\u00e9m uma nova abordagem na execu\u00e7\u00e3o de empreitadas, que se traduz na otimiza\u00e7\u00e3o e rapidez de processos, resultando na diminui\u00e7\u00e3o dos tempos de montagem e experientes t\u00e9cnicos de execu\u00e7\u00e3o. \t\t\t\t\t<\/p>\n\t\t\t\t\t<ul class=\"tt-list01 tt-list-top\">\n\t\t\t\n<li>Instala\u00e7\u00f5es de Eletricidade, Comunica\u00e7\u00f5es e Seguran\u00e7a<\/li>\n\n<li>Manuten\u00e7\u00e3o de Instala\u00e7\u00e3o T\u00e9cnicas de eletricidade<\/li>\n\n<li>Manuten\u00e7\u00e3o de Sistemas de Energia AC e DC<\/li>\n\n<li>Efici\u00eancia Energ\u00e9tica<\/li>\t\t\t\t\t<\/ul>\n\t\t\t\t\t<div class=\"tt-data-info\">\n\t\t\t\t\t\t<div class=\"tt-item\">\n\t\t\t\t\t\t\t<div class=\"personal-box\">\n\t\t\t\t\t\t\t\t<div class=\"personal-box__img\">\n\t\t\t\t\t\t\t\t\t\t\t<\/div>\n\t\t\t\t\t\t\t\t<div class=\"personal-box__content\">\n\t\t\t\t\t\t\t\t\t<div class=\"personal-box__title\">\n\t\t\t\t\t\t\t\t\t\t\t\t<\/div>\n\t\t\t\t\t\t\t\t\t\t\t<\/div>\n\t\t\t\t\t\t\t<\/div>\n\t\t\t\t\t\t<\/div>\n\t\t\t\t\t\t<div class=\"tt-item\">\n\t\t\t\t\t\t\t\t\t<\/div>\n\t\t\t\t\t<\/div>\n\t\t\t\t<\/div>\n\t\t\t<\/div>\n\t\t<\/div>\n\t<\/div>\n<\/div> \n\t\t\t\t\t\t\t<\/div>\n\t\t\t\t<\/div>\n\t\t\t\t\t<\/div>\n\t\t<\/div>\n\t\t\t\t\t\t\t<\/div>\n\t\t<\/section>\n\t\t\t\t<section class=\"elementor-section elementor-top-section elementor-element elementor-element-593fd3f elementor-section-stretched elementor-section-full_width elementor-section-height-default elementor-section-height-default\" data-id=\"593fd3f\" data-element_type=\"section\" data-settings=\"{&quot;stretch_section&quot;:&quot;section-stretched&quot;}\">\n\t\t\t\t\t\t<div class=\"elementor-container elementor-column-gap-no\">\n\t\t\t\t\t<div class=\"elementor-column elementor-col-100 elementor-top-column elementor-element elementor-element-498094f\" data-id=\"498094f\" data-element_type=\"column\">\n\t\t\t<div class=\"elementor-widget-wrap\">\n\t\t\t\t\t\t\t\t\t<\/div>\n\t\t<\/div>\n\t\t\t\t\t\t\t<\/div>\n\t\t<\/section>\n\t\t\t\t\t\t\t<\/div>\n\t\t","protected":false},"excerpt":{"rendered":"<p>eletricidade e comunica\u00e7\u00f5es Os seusespecialistas experi\u00eancia comprovada Consulte-nos Sobre N\u00f3s Mais de 20 anos de experi\u00eancia Darcelight tem origem na vis\u00e3o e determina\u00e7\u00e3o do seu \u00fanico s\u00f3cio, em constituir uma empresa inovadora, onde a qualidade aliada \u00e0 rapidez de execu\u00e7\u00e3o seja uma mais valia para os seus parceiros comerciais. Tendo participado em alguns projetos relevantes [&hellip;]<\/p>\n","protected":false},"author":1,"featured_media":0,"parent":0,"menu_order":0,"comment_status":"closed","ping_status":"closed","template":"elementor_header_footer","meta":{"footnotes":""},"class_list":["post-1426","page","type-page","status-publish","hentry"],"yoast_head":"<!-- This site is optimized with the Yoast SEO plugin v20.1 - https:\/\/yoast.com\/wordpress\/plugins\/seo\/ -->\n<title>Home - Darcelight - Eletricidade e Comunica\u00e7\u00f5es<\/title>\n<meta name=\"robots\" content=\"index, follow, max-snippet:-1, max-image-preview:large, max-video-preview:-1\" \/>\n<link rel=\"canonical\" href=\"https:\/\/darcelight.pt\/\" \/>\n<meta property=\"og:locale\" content=\"pt_PT\" \/>\n<meta property=\"og:type\" content=\"article\" \/>\n<meta property=\"og:title\" content=\"Home - Darcelight - Eletricidade e Comunica\u00e7\u00f5es\" \/>\n<meta property=\"og:description\" content=\"eletricidade e comunica\u00e7\u00f5es Os seusespecialistas experi\u00eancia comprovada Consulte-nos Sobre N\u00f3s Mais de 20 anos de experi\u00eancia Darcelight tem origem na vis\u00e3o e determina\u00e7\u00e3o do seu \u00fanico s\u00f3cio, em constituir uma empresa inovadora, onde a qualidade aliada \u00e0 rapidez de execu\u00e7\u00e3o seja uma mais valia para os seus parceiros comerciais. Tendo participado em alguns projetos relevantes [&hellip;]\" \/>\n<meta property=\"og:url\" content=\"https:\/\/darcelight.pt\/\" \/>\n<meta property=\"og:site_name\" content=\"Darcelight - Eletricidade e Comunica\u00e7\u00f5es\" \/>\n<meta property=\"article:modified_time\" content=\"2023-03-27T16:29:55+00:00\" \/>\n<meta property=\"og:image\" content=\"https:\/\/darcelight.pt\/wp-content\/themes\/electrician\/images\/bolt.gif\" \/>\n<meta name=\"twitter:card\" content=\"summary_large_image\" \/>\n<meta name=\"twitter:label1\" content=\"Est. reading time\" \/>\n\t<meta name=\"twitter:data1\" content=\"2 minutos\" \/>\n<script type=\"application\/ld+json\" class=\"yoast-schema-graph\">{\"@context\":\"https:\/\/schema.org\",\"@graph\":[{\"@type\":\"WebPage\",\"@id\":\"https:\/\/darcelight.pt\/\",\"url\":\"https:\/\/darcelight.pt\/\",\"name\":\"Home - Darcelight - Eletricidade e Comunica\u00e7\u00f5es\",\"isPartOf\":{\"@id\":\"https:\/\/darcelight.pt\/#website\"},\"datePublished\":\"2019-12-09T04:03:08+00:00\",\"dateModified\":\"2023-03-27T16:29:55+00:00\",\"breadcrumb\":{\"@id\":\"https:\/\/darcelight.pt\/#breadcrumb\"},\"inLanguage\":\"pt-PT\",\"potentialAction\":[{\"@type\":\"ReadAction\",\"target\":[\"https:\/\/darcelight.pt\/\"]}]},{\"@type\":\"BreadcrumbList\",\"@id\":\"https:\/\/darcelight.pt\/#breadcrumb\",\"itemListElement\":[{\"@type\":\"ListItem\",\"position\":1,\"name\":\"Home\",\"item\":\"https:\/\/darcelight.pt\/\"},{\"@type\":\"ListItem\",\"position\":2,\"name\":\"Home\"}]},{\"@type\":\"WebSite\",\"@id\":\"https:\/\/darcelight.pt\/#website\",\"url\":\"https:\/\/darcelight.pt\/\",\"name\":\"Darcelight - Eletricidade e Comunica\u00e7\u00f5es\",\"description\":\"\",\"potentialAction\":[{\"@type\":\"SearchAction\",\"target\":{\"@type\":\"EntryPoint\",\"urlTemplate\":\"https:\/\/darcelight.pt\/?s={search_term_string}\"},\"query-input\":\"required name=search_term_string\"}],\"inLanguage\":\"pt-PT\"}]}<\/script>\n<!-- \/ Yoast SEO plugin. -->","yoast_head_json":{"title":"Home - Darcelight - Eletricidade e Comunica\u00e7\u00f5es","robots":{"index":"index","follow":"follow","max-snippet":"max-snippet:-1","max-image-preview":"max-image-preview:large","max-video-preview":"max-video-preview:-1"},"canonical":"https:\/\/darcelight.pt\/","og_locale":"pt_PT","og_type":"article","og_title":"Home - Darcelight - Eletricidade e Comunica\u00e7\u00f5es","og_description":"eletricidade e comunica\u00e7\u00f5es Os seusespecialistas experi\u00eancia comprovada Consulte-nos Sobre N\u00f3s Mais de 20 anos de experi\u00eancia Darcelight tem origem na vis\u00e3o e determina\u00e7\u00e3o do seu \u00fanico s\u00f3cio, em constituir uma empresa inovadora, onde a qualidade aliada \u00e0 rapidez de execu\u00e7\u00e3o seja uma mais valia para os seus parceiros comerciais. Tendo participado em alguns projetos relevantes [&hellip;]","og_url":"https:\/\/darcelight.pt\/","og_site_name":"Darcelight - Eletricidade e Comunica\u00e7\u00f5es","article_modified_time":"2023-03-27T16:29:55+00:00","og_image":[{"url":"https:\/\/darcelight.pt\/wp-content\/themes\/electrician\/images\/bolt.gif"}],"twitter_card":"summary_large_image","twitter_misc":{"Est. reading time":"2 minutos"},"schema":{"@context":"https:\/\/schema.org","@graph":[{"@type":"WebPage","@id":"https:\/\/darcelight.pt\/","url":"https:\/\/darcelight.pt\/","name":"Home - Darcelight - Eletricidade e Comunica\u00e7\u00f5es","isPartOf":{"@id":"https:\/\/darcelight.pt\/#website"},"datePublished":"2019-12-09T04:03:08+00:00","dateModified":"2023-03-27T16:29:55+00:00","breadcrumb":{"@id":"https:\/\/darcelight.pt\/#breadcrumb"},"inLanguage":"pt-PT","potentialAction":[{"@type":"ReadAction","target":["https:\/\/darcelight.pt\/"]}]},{"@type":"BreadcrumbList","@id":"https:\/\/darcelight.pt\/#breadcrumb","itemListElement":[{"@type":"ListItem","position":1,"name":"Home","item":"https:\/\/darcelight.pt\/"},{"@type":"ListItem","position":2,"name":"Home"}]},{"@type":"WebSite","@id":"https:\/\/darcelight.pt\/#website","url":"https:\/\/darcelight.pt\/","name":"Darcelight - Eletricidade e Comunica\u00e7\u00f5es","description":"","potentialAction":[{"@type":"SearchAction","target":{"@type":"EntryPoint","urlTemplate":"https:\/\/darcelight.pt\/?s={search_term_string}"},"query-input":"required name=search_term_string"}],"inLanguage":"pt-PT"}]}},"_links":{"self":[{"href":"https:\/\/darcelight.pt\/index.php?rest_route=\/wp\/v2\/pages\/1426","targetHints":{"allow":["GET"]}}],"collection":[{"href":"https:\/\/darcelight.pt\/index.php?rest_route=\/wp\/v2\/pages"}],"about":[{"href":"https:\/\/darcelight.pt\/index.php?rest_route=\/wp\/v2\/types\/page"}],"author":[{"embeddable":true,"href":"https:\/\/darcelight.pt\/index.php?rest_route=\/wp\/v2\/users\/1"}],"replies":[{"embeddable":true,"href":"https:\/\/darcelight.pt\/index.php?rest_route=%2Fwp%2Fv2%2Fcomments&post=1426"}],"version-history":[{"count":15,"href":"https:\/\/darcelight.pt\/index.php?rest_route=\/wp\/v2\/pages\/1426\/revisions"}],"predecessor-version":[{"id":2656,"href":"https:\/\/darcelight.pt\/index.php?rest_route=\/wp\/v2\/pages\/1426\/revisions\/2656"}],"wp:attachment":[{"href":"https:\/\/darcelight.pt\/index.php?rest_route=%2Fwp%2Fv2%2Fmedia&parent=1426"}],"curies":[{"name":"wp","href":"https:\/\/api.w.org\/{rel}","templated":true}]}}